
	{"id":2,"date":"2021-03-30T13:42:31","date_gmt":"2021-03-30T11:42:31","guid":{"rendered":"https:\/\/wordpress.clerc-et-net.com\/?page_id=2"},"modified":"2021-04-29T16:10:41","modified_gmt":"2021-04-29T14:10:41","slug":"lagence","status":"publish","type":"page","link":"https:\/\/wordpress.clerc-et-net.com\/index.php\/lagence\/","title":{"rendered":"L&rsquo;agence"},"content":{"rendered":"\n<section class=\"section_top bg_bleu\">\n\t<div class=\"mypage\">\n\t\t<div class=\"col padding\">\n\t\t\t<h1>L&rsquo;agence<\/h1>\n\t\t\t<div class=\"col1-3 w50-1000\">\n\t\t\t\t<p class=\"chapo\"><b>Adapter l&rsquo;outil au client et non l&rsquo;inverse<\/b><br>Clerc et Net <b>con\u00e7oit et r\u00e9alise<\/b> des <b>sites internet<\/b> de qualit\u00e9 et personnalis\u00e9s et d\u00e9veloppe des <b>applications web<\/b> depuis 2002. L&rsquo;agence est situ\u00e9e sur la ZA Fontgrave \u00e0 Montboucher sur Jabron pr\u00e8s de <b>Mont\u00e9limar<\/b> dans la Dr\u00f4me.<\/p>\n\t\t\t<\/div>\n\t\t<\/div>\n<div class=\"clear\"><\/div>\n\t\t<div class=\"col1-3 w50-1000 padding fondu_top transition2\">\n\t\t\t<h2 class=\"maj\">Pluridisciplinaires<\/h2>\n\t\t\t<p><b>Adapter l&rsquo;outil<\/b> \u00e0 l&rsquo;homme et non l&rsquo;inverse. Nous r\u00e9alisons des <b>sites correspondant \u00e0 votre demande<\/b>.<br>De la cr\u00e9ation <b>graphique et ergonomique<\/b> \u00e0 la <b>programmation<\/b>, nous g\u00e9rons votre projet de A \u00e0 Z.<br>A l&rsquo;\u00e9coute de <b>vos besoins<\/b>, car le site que nous allons r\u00e9aliser est avant tout <b>votre site<\/b>, nous vous conseillons sur la <b>meilleure solution<\/b> pour votre activit\u00e9. Les <b>maquettes<\/b> et la <b>navigation<\/b> de votre site seront <b>personnalis\u00e9es<\/b> pour que vous puissiez vous approprier votre site internet.<\/p>\n\t\t<\/div>\n<div class=\"col1-3 w50-1000 padding fondu_top\">\n\t\t\t<h2 class=\"maj\">Souplesse et proximit\u00e9<\/h2>\n\t\t\t<p>Nous suivons une <b>m\u00e9thodologie pas \u00e0 pas<\/b> pour la construction de votre site (r\u00e9servation du <b>nom de domaine<\/b>, r\u00e9alisation de <b>maquette ergonomique<\/b>, <b>design<\/b>, <b>programmation<\/b>, <b>mise en ligne<\/b>).<br>Clerc &amp; Net est une <b>agence \u00e0 taille humaine<\/b>, vous serez toujours en contact avec <b>un interlocuteur<\/b> qui vous connait et qui connait votre dossier.<\/p>\n\t\t<\/div>\n<div class=\"clear-50\"><\/div>\n\t\t<div class=\"col1-3 w50-1000 padding fondu_top transition1\">\n\t\t\t<h2 class=\"maj\">Suivi<\/h2>\n\t\t\t<p>Apr\u00e8s la <b>mise en ligne<\/b>, nous restons disponibles pour vos <b>demandes de modifications<\/b>, elles sont trait\u00e9es dans les <b>meilleurs d\u00e9lais<\/b>.<\/p>\n\t\t<\/div>\n\t\t<div class=\"clear\"><\/div>\n\t<\/div>\n<\/section>\n\n<section class=\"section bg_bleu\">\n\t<div class=\"mypage\">\n\t\t<div class=\"col margin_auto padding\">\n\t\t\t<h1>L&rsquo;\u00e9quipe<\/h1>\n\t\t\t<div class=\"col1-3 w50-1000\">\n\t\t\t\t<p class=\"chapo\">Une \u00e9quipe <strong>pluridisciplinaire<\/strong>, compos\u00e9e de 4 personnes <strong>motiv\u00e9es<\/strong> et <strong>compl\u00e9mentaires<\/strong>.<\/p>\n\t\t\t<\/div>\n\t\t<\/div>\n\t\t<div class=\"clear\"><\/div>\n\n<div class=\"col1-2 padding fondu\">\n\t\t\t<img class=\"img_100 padding margin_auto\" src=\"https:\/\/wordpress.clerc-et-net.com\/wp-content\/uploads\/2021\/04\/laurent-romanello.png\" alt=\"Laurent Romanello\" title=\"Laurent Romanello\">\n\t\t\t<h2 class=\"maj align_center\">Laurent Romanello<\/h2>\n\t\t\t<h3 class=\"like_h3_red align_center\">Co-g\u00e9rant &#8211; Webdesigner<\/h3>\n\t\t\t<br>\n\t\t\t<p>En charge de la d\u00e9finition des projets et de l&rsquo;ergonomie, Laurent intervient sur le plan technique et graphique, de la phase conception jusqu&rsquo;\u00e0 la mise en ligne. Il est votre interlocuteur pour faire \u00e9voluer votre site lorsqu&rsquo;il sera en production.<\/p>\n\t\t<\/div>\n\n<div class=\"col1-2 padding\">\n\t\t\t<img class=\"img_100 padding margin_auto\" src=\"https:\/\/wordpress.clerc-et-net.com\/wp-content\/uploads\/2021\/04\/cedric-roy.png\" alt=\"C\u00e9dric Roy\" title=\"C\u00e9dric Roy\">\n\t\t\t<h2 class=\"maj align_center\">C\u00e9dric Roy<\/h2>\n\t\t\t<h3 class=\"like_h3_red align_center\">Co-g\u00e9rant &#8211; D\u00e9velopppeur<\/h3>\n\t\t\t<br>\n\t\t\t<p>Con\u00e7oit et d\u00e9veloppe les back-offices et les modules e-commerce. Il est r\u00e9f\u00e9rent pour toutes questions relatives aux bases de donn\u00e9es et la faisabilit\u00e9 des projets complexes.<\/p>\n\t\t<\/div>\n\n<div class=\"clear\"><\/div>\n\t\t<div class=\"col1-2 padding transition2\">\n\t\t\t<img class=\"img_100 padding margin_auto\" src=\"https:\/\/wordpress.clerc-et-net.com\/wp-content\/uploads\/2021\/04\/fanny-spinnler-havoudjian.png\" alt=\"Fanny Spinnler\" title=\"Fanny Spinnler\">\n\t\t\t<h2 class=\"maj align_center\">Fanny Spinnler<\/h2>\n\t\t\t<h3 class=\"like_h3_red align_center\">Graphiste web<\/h3>\n\t\t\t<br>\n\t\t\t<p>Fanny intervient pendant la phase graphique. Elle recherche pour vous les visuels et les typos, et con\u00e7oit les maquettes de votre site.<\/p>\n\t\t<\/div>\n\n<div class=\"col1-2 padding transition2\">\n\t\t\t<img class=\"img_100 padding margin_auto\" src=\"https:\/\/wordpress.clerc-et-net.com\/wp-content\/uploads\/2021\/04\/sophie-maire.png\" alt=\"Sophie Maire\" title=\"Sophie Maire\">\n\t\t\t<h2 class=\"maj align_center\">Sophie Maire<\/h2>\n\t\t\t<h3 class=\"like_h3_red align_center\">D\u00e9veloppeuse<\/h3>\n\t\t\t<br>\n\t\t\t<p>Sophie est charg\u00e9e de la programmation des sites complexes, des applications web et des sites e-commerces. Elle assure avec C\u00e9dric, la veille technologique.<\/p>\n\t\t<\/div>\n\n<div class=\"clear\"><\/div>\n\t\t<div class=\"col1-2 padding transition2\">\n\t\t\t<img class=\"img_100 padding margin_auto\" src=\"https:\/\/wordpress.clerc-et-net.com\/wp-content\/uploads\/2021\/04\/benjamin-cabrol.png\" alt=\"Benjamin Cabrol\" title=\"Benjamin Cabrol\">\n\t\t\t<h2 class=\"maj align_center\">Benjamin Cabrol<\/h2>\n\t\t\t<h3 class=\"like_h3_red align_center\">D\u00e9veloppeur<\/h3>\n\t\t\t<br>\n\t\t\t<p>Il d\u00e9veloppe les sites dynamiques, vitrine et one page et en assure la maintenance. Il est en charge de la recherche et la programmation des animations CSS\/JS.<\/p>\n\t\t<\/div>\n\n<div class=\"col1-2 padding transition2\">\n\t\t\t<img class=\"img_100 padding margin_auto\" src=\"https:\/\/wordpress.clerc-et-net.com\/wp-content\/uploads\/2021\/04\/celine-rieu.png\" alt=\"C\u00e9line Rieu\" title=\"C\u00e9line Rieu\">\n\t\t\t<h2 class=\"maj align_center\">C\u00e9line Rieu<\/h2>\n\t\t\t<h3 class=\"like_h3_red align_center\">SEO &amp; webmarketing<\/h3>\n\t\t\t<br>\n\t\t\t<p>C\u00e9line vous accompagne dans l\u2019\u00e9laboration et la mise en \u0153uvre de votre strat\u00e9gie marketing d\u2019acquisition et de conversion, ainsi que de l&rsquo;optimisation SEO de votre site.<\/p>\n\t\t<\/div>\n\t\t<div class=\"clear\"><\/div>\n\t<\/div><\/section>\n\n<section class=\"section bg_bleu\">\n\t<div class=\"mypage\">\n\t\t<div class=\"flexParent flex_center_center\">\n\t\t\t<div class=\"col margin_auto padding\">\n\t\t\t\t<h1>Karact\u00e8re<\/h1>\n\t\t\t\t<div class=\"col1-3\">\n\t\t\t\t\t<p class=\"chapo\">Clerc &amp; Net partage ses locaux avec <strong>Karact\u00e8re<\/strong> pour tous vos travaux en <strong>print<\/strong> (logos, d\u00e9pliants, plaquettes, identit\u00e9 visuelle, packaging, catalogues, etc).<\/p>\n\t\t\t\t<\/div>\n\t\t\t\t<div class=\"col2-3\">\n\t\t\t\t\t<div id=\"agence-karactere\">\n\t\t\t\t\t\t<a class=\"flex_center_center externe\" href=\"https:\/\/www.karactere.com\/\" target=\"_blank\" title=\"Karact\u00e8re, agence de communication \u00e0 Mont\u00e9limar dans la Dr\u00f4me\n\" rel=\"noopener\">\n\t\t\t\t\t\t\t<div class=\"karactere\"><\/div>\n\t\t\t\t\t\t\t<img class=\"img_100\" src=\"https:\/\/wordpress.clerc-et-net.com\/wp-content\/uploads\/2021\/04\/logo-karactere-texte-blanc.png\" alt=\"Karact\u00e8re, agence de communication \u00e0 Mont\u00e9limar dans la Dr\u00f4me\" title=\"Karact\u00e8re, agence de communication \u00e0 Mont\u00e9limar dans la Dr\u00f4me\">\n\t\t\t\t\t\t<\/a>\n\t\t\t\t\t<\/div>\n\t\t\t\t<\/div>\n\t\t\t<\/div>\n\t\t<\/div>\n\t<\/div>\n<\/section>\n<script>\n$( document ).ready(function() {\n   $('body.page-id-2').find('header .site-logo img').attr('src', 'https:\/\/wordpress.clerc-et-net.com\/wp-content\/uploads\/2021\/04\/logo-clerc-et-net.png');\n});\n<\/script>\n","protected":false},"excerpt":{"rendered":"<p>L&rsquo;agence Adapter l&rsquo;outil au client et non l&rsquo;inverseClerc et Net con\u00e7oit et r\u00e9alise des sites internet de qualit\u00e9 et personnalis\u00e9s et d\u00e9veloppe des applications web depuis 2002. L&rsquo;agence est situ\u00e9e sur la ZA Fontgrave \u00e0 Montboucher sur Jabron pr\u00e8s de Mont\u00e9limar dans la Dr\u00f4me. Pluridisciplinaires Adapter l&rsquo;outil \u00e0 l&rsquo;homme et non l&rsquo;inverse. Nous r\u00e9alisons des&hellip;&nbsp;<a href=\"https:\/\/wordpress.clerc-et-net.com\/index.php\/lagence\/\" class=\"\" rel=\"bookmark\">Lire la suite &raquo;<span class=\"screen-reader-text\">L&rsquo;agence<\/span><\/a><\/p>\n","protected":false},"author":1,"featured_media":0,"parent":0,"menu_order":0,"comment_status":"closed","ping_status":"closed","template":"","meta":{"neve_meta_sidebar":"default","neve_meta_container":"full-width","neve_meta_enable_content_width":"off","neve_meta_content_width":83,"neve_meta_title_alignment":"","neve_meta_author_avatar":"","neve_post_elements_order":"","neve_meta_disable_header":"","neve_meta_disable_footer":"","neve_meta_disable_title":"","_ti_tpc_template_sync":false,"_ti_tpc_template_id":""},"categories":[],"_links":{"self":[{"href":"https:\/\/wordpress.clerc-et-net.com\/index.php\/wp-json\/wp\/v2\/pages\/2"}],"collection":[{"href":"https:\/\/wordpress.clerc-et-net.com\/index.php\/wp-json\/wp\/v2\/pages"}],"about":[{"href":"https:\/\/wordpress.clerc-et-net.com\/index.php\/wp-json\/wp\/v2\/types\/page"}],"author":[{"embeddable":true,"href":"https:\/\/wordpress.clerc-et-net.com\/index.php\/wp-json\/wp\/v2\/users\/1"}],"replies":[{"embeddable":true,"href":"https:\/\/wordpress.clerc-et-net.com\/index.php\/wp-json\/wp\/v2\/comments?post=2"}],"version-history":[{"count":45,"href":"https:\/\/wordpress.clerc-et-net.com\/index.php\/wp-json\/wp\/v2\/pages\/2\/revisions"}],"predecessor-version":[{"id":473,"href":"https:\/\/wordpress.clerc-et-net.com\/index.php\/wp-json\/wp\/v2\/pages\/2\/revisions\/473"}],"wp:attachment":[{"href":"https:\/\/wordpress.clerc-et-net.com\/index.php\/wp-json\/wp\/v2\/media?parent=2"}],"wp:term":[{"taxonomy":"categories","embeddable":true,"href":"https:\/\/wordpress.clerc-et-net.com\/index.php\/wp-json\/wp\/v2\/categories?post=2"}],"curies":[{"name":"wp","href":"https:\/\/api.w.org\/{rel}","templated":true}]}}